{"id":174,"date":"2024-05-31T16:26:42","date_gmt":"2024-05-31T19:26:42","guid":{"rendered":"https:\/\/senna.pro.br\/gp\/?page_id=174"},"modified":"2024-05-31T22:14:56","modified_gmt":"2024-06-01T01:14:56","slug":"ciclos-de-pesquisa","status":"publish","type":"page","link":"https:\/\/senna.pro.br\/gp\/?page_id=174","title":{"rendered":"Ciclos de pesquisa"},"content":{"rendered":"\n<div class=\"wp-block-columns is-layout-flex wp-container-core-columns-is-layout-28f84493 wp-block-columns-is-layout-flex\">\n<div class=\"wp-block-column is-layout-flow wp-block-column-is-layout-flow\" style=\"flex-basis:25%\">\n<div style=\"height:43px\" aria-hidden=\"true\" class=\"wp-block-spacer\"><\/div>\n\n\n\n<p class=\"has-black-color has-text-color has-link-color has-small-font-size wp-elements-4e001cd644f557a3d6054da61eba5f5a\">Centralmente, o grupo dedica-se ao estudo das condi\u00e7\u00f5es em que se d\u00e1 o processo de desenvolvimento escolar das escritas cient\u00edficas de mundo, desde o ponto de vista dos sistemas de representa\u00e7\u00e3o mental do conhecimento. Neste sentido, no entanto, opta por abordar a quest\u00e3o sob uma perspectiva interdisciplinar, com base na qual define o conceito de letramento, enquanto \u00e1rea de pesquisa e produ\u00e7\u00e3o de conhecimento.<\/p>\n\n\n\n<p class=\"has-black-color has-text-color has-link-color has-small-font-size wp-elements-b308d37cfc3485bf41a7d063ba9c27f4\">Advindas da Lingu\u00edstica Te\u00f3rica e Aplicada, da Psicologia Social e do Desenvolvimento, da Epistemologia do Conhecimento e da Antropologia, suas refer\u00eancias te\u00f3ricas formam massa cr\u00edtica altamente qualificada para analisar a complexidade de fatores concorrentes nos processos de alfabetiza\u00e7\u00e3o e prover conhecimento coerente com as demandas reais da educa\u00e7\u00e3o p\u00fablica brasileira, significativamente marcada pela interculturalidade e pelas diferen\u00e7as socioecon\u00f4micas.<\/p>\n<\/div>\n\n\n\n<div class=\"wp-block-column is-layout-flow wp-block-column-is-layout-flow\" style=\"flex-basis:75%\">\n<div id=\"main\" class=\"clearfix\">\n<div class=\"inner-wrap\">\n<div id=\"primary\">\n<div id=\"content\" class=\"clearfix\">\n<article id=\"post-1320\" class=\"post-1320 page type-page status-publish hentry  tg-column-two\">\n<div class=\"entry-content clearfix\">\n<div class=\"wp-block-columns is-layout-flex wp-container-core-columns-is-layout-1 wp-block-columns-is-layout-flex\">\n<div class=\"wp-block-column is-layout-flow wp-block-column-is-layout-flow\">\n<p><span class=\"C-3\" style=\"color: #000000;\">Ciclo de Pesquisa VII (2023-<wbr \/>Atual)<br \/><\/span><span class=\"C-4\"><span style=\"color: #000000;\"><strong>O subjetivo da educa\u00e7\u00e3o inclusiva \u2013 Vozes identit\u00e1rias na cultura escolar<\/strong><\/span><br \/><\/span><em><span class=\"C-5\">As dimens\u00f5es subjetivas do sujeito cognoscente escolar e o estudo dos fatores identit\u00e1rios na subjetiva\u00e7\u00e3o do direito universal \u00e0 educa\u00e7\u00e3o, ao letramento e \u00e0 alfabetiza\u00e7\u00e3o<\/span><\/em><\/p>\n<p class=\"Body P-3\"><span class=\"C-3\" style=\"color: #000000;\">Ciclo de Pesquisa VI (2018-\u00a02022)<br \/><\/span><span class=\"C-4\"><span style=\"color: #000000;\"><strong>Culturas em contato no processo de letramento e alfabetiza\u00e7\u00e3o<\/strong><\/span><br \/><\/span><em><span class=\"C-5\">Representa\u00e7\u00f5es e usos das propriedades estruturais e estruturantes das pe\u00e7as da cultura letrada moderna<\/span><\/em><\/p>\n<p class=\"Body P-7\"><span class=\"C-7\" style=\"color: #000000;\">Ciclo de Pesquisa V (2013-<wbr \/>2017)<br \/><\/span><span class=\"C-4\"><span style=\"color: #000000;\"><strong>Cultura e curr\u00edculo de forma\u00e7\u00e3o de professores para o letramento e a alfabetiza\u00e7\u00e3o<\/strong><\/span><br \/><\/span><em><span class=\"C-5\">A experi\u00eancia curricular formadora de professores para o letramento<\/span><\/em><\/p>\n<p class=\"Body P-8\"><span class=\"C-8\" style=\"color: #000000;\">Ciclo de Pesquisa IV (2009-<wbr \/>2012)<br \/><\/span><span class=\"C-4\"><span style=\"color: #000000;\"><strong>Representa\u00e7\u00e3o gramatical e sistemas metaf\u00f3ricos<\/strong><\/span><br \/><\/span><em><span class=\"C-5\">As propriedades gramaticais do texto em processo de alfabetiza\u00e7\u00e3o, analisadas \u00e0 luz do conceito de sistemas metaf\u00f3ricos<\/span><\/em><\/p>\n<p class=\"Body P-8\"><span class=\"C-8\" style=\"color: #000000;\">Ciclo de Pesquisa III (2003-<wbr \/>2008)<br \/><\/span><strong><span class=\"C-4\"><span style=\"color: #000000;\">Met\u00e1fora e Educa\u00e7\u00e3o Inclusiva<\/span><br \/><\/span><\/strong><em><span class=\"C-5\">O conceito de sistemas metaf\u00f3ricos e sua aplica\u00e7\u00e3o no estudo das representa\u00e7\u00f5es mentais e do letramento<\/span><\/em><\/p>\n<p class=\"Body P-8\"><span class=\"C-8\" style=\"color: #000000;\">Ciclo de Pesquisa II (1999-<wbr \/>2002)<br \/><\/span><span class=\"C-4\"><span style=\"color: #000000;\"><strong>Letramento e Processos Educacionais<\/strong><\/span><br \/><\/span><em><span class=\"C-5\">Desenvolvimento do conceito de letramento, a partir das demandas te\u00f3rico-<wbr \/>conceituais da educa\u00e7\u00e3o para a inclus\u00e3o social<\/span><\/em><\/p>\n<p class=\"Body P-8\"><span class=\"C-8\" style=\"color: #000000;\">Ciclo de Pesquisa I (1995-<wbr \/>1998)<br \/><\/span><span class=\"C-4\"><span style=\"color: #000000;\"><strong>Linguagem e Experi\u00eancia Curricular<\/strong><\/span><br \/><\/span><em><span class=\"C-5\">Introdu\u00e7\u00e3o de uma perspectiva multidisciplinar no estudo dos fen\u00f4menos da representa\u00e7\u00e3o gramatical e textual<\/span><\/em><\/p>\n<p class=\"Body P-8\"><span class=\"C-8\" style=\"color: #000000;\">Ciclo de Forma\u00e7\u00e3o (1988-<wbr \/>1994)<br \/><\/span><span class=\"C-4\"><span style=\"color: #000000;\"><strong>Descri\u00e7\u00e3o e epistemologia lingu\u00edstica<\/strong><\/span><br \/><\/span><em><span class=\"C-10\">A natureza do fen\u00f4meno descritivo e das bases do pensamento lingu\u00edstico<\/span><\/em><\/p>\n<\/div>\n<\/div>\n<\/div>\n<\/article>\n<\/div>\n<\/div>\n<\/div>\n<\/div>\n<\/div>\n<\/div>\n","protected":false},"excerpt":{"rendered":"<p>Centralmente, o grupo dedica-se ao estudo das condi\u00e7\u00f5es em que se d\u00e1 o processo de desenvolvimento escolar das escritas cient\u00edficas de mundo, desde o ponto de vista dos sistemas de representa\u00e7\u00e3o mental do conhecimento. Neste sentido, no entanto, opta por<\/p>\n","protected":false},"author":1,"featured_media":0,"parent":0,"menu_order":0,"comment_status":"closed","ping_status":"closed","template":"","meta":{"footnotes":""},"class_list":["post-174","page","type-page","status-publish","hentry","","tg-column-two"],"_links":{"self":[{"href":"https:\/\/senna.pro.br\/gp\/index.php?rest_route=\/wp\/v2\/pages\/174","targetHints":{"allow":["GET"]}}],"collection":[{"href":"https:\/\/senna.pro.br\/gp\/index.php?rest_route=\/wp\/v2\/pages"}],"about":[{"href":"https:\/\/senna.pro.br\/gp\/index.php?rest_route=\/wp\/v2\/types\/page"}],"author":[{"embeddable":true,"href":"https:\/\/senna.pro.br\/gp\/index.php?rest_route=\/wp\/v2\/users\/1"}],"replies":[{"embeddable":true,"href":"https:\/\/senna.pro.br\/gp\/index.php?rest_route=%2Fwp%2Fv2%2Fcomments&post=174"}],"version-history":[{"count":9,"href":"https:\/\/senna.pro.br\/gp\/index.php?rest_route=\/wp\/v2\/pages\/174\/revisions"}],"predecessor-version":[{"id":193,"href":"https:\/\/senna.pro.br\/gp\/index.php?rest_route=\/wp\/v2\/pages\/174\/revisions\/193"}],"wp:attachment":[{"href":"https:\/\/senna.pro.br\/gp\/index.php?rest_route=%2Fwp%2Fv2%2Fmedia&parent=174"}],"curies":[{"name":"wp","href":"https:\/\/api.w.org\/{rel}","templated":true}]}}

<div class="wp-block-columns is-layout-flex wp-container-core-columns-is-layout-28f84493 wp-block-columns-is-layout-flex">
<div class="wp-block-column is-layout-flow wp-block-column-is-layout-flow" style="flex-basis:25%">
<div style="height:43px" aria-hidden="true" class="wp-block-spacer"></div>



<p class="has-black-color has-text-color has-link-color has-small-font-size wp-elements-4e001cd644f557a3d6054da61eba5f5a">Centralmente, o grupo dedica-se ao estudo das condições em que se dá o processo de desenvolvimento escolar das escritas científicas de mundo, desde o ponto de vista dos sistemas de representação mental do conhecimento. Neste sentido, no entanto, opta por abordar a questão sob uma perspectiva interdisciplinar, com base na qual define o conceito de letramento, enquanto área de pesquisa e produção de conhecimento.</p>



<p class="has-black-color has-text-color has-link-color has-small-font-size wp-elements-b308d37cfc3485bf41a7d063ba9c27f4">Advindas da Linguística Teórica e Aplicada, da Psicologia Social e do Desenvolvimento, da Epistemologia do Conhecimento e da Antropologia, suas referências teóricas formam massa crítica altamente qualificada para analisar a complexidade de fatores concorrentes nos processos de alfabetização e prover conhecimento coerente com as demandas reais da educação pública brasileira, significativamente marcada pela interculturalidade e pelas diferenças socioeconômicas.</p>
</div>



<div class="wp-block-column is-layout-flow wp-block-column-is-layout-flow" style="flex-basis:75%">
<div id="main" class="clearfix">
<div class="inner-wrap">
<div id="primary">
<div id="content" class="clearfix">
<article id="post-1320" class="post-1320 page type-page status-publish hentry  tg-column-two">
<div class="entry-content clearfix">
<div class="wp-block-columns is-layout-flex wp-container-core-columns-is-layout-1 wp-block-columns-is-layout-flex">
<div class="wp-block-column is-layout-flow wp-block-column-is-layout-flow">
<p><span class="C-3" style="color: #000000;">Ciclo de Pesquisa VII (2023-<wbr />Atual)<br /></span><span class="C-4"><span style="color: #000000;"><strong>O subjetivo da educação inclusiva – Vozes identitárias na cultura escolar</strong></span><br /></span><em><span class="C-5">As dimensões subjetivas do sujeito cognoscente escolar e o estudo dos fatores identitários na subjetivação do direito universal à educação, ao letramento e à alfabetização</span></em></p>
<p class="Body P-3"><span class="C-3" style="color: #000000;">Ciclo de Pesquisa VI (2018- 2022)<br /></span><span class="C-4"><span style="color: #000000;"><strong>Culturas em contato no processo de letramento e alfabetização</strong></span><br /></span><em><span class="C-5">Representações e usos das propriedades estruturais e estruturantes das peças da cultura letrada moderna</span></em></p>
<p class="Body P-7"><span class="C-7" style="color: #000000;">Ciclo de Pesquisa V (2013-<wbr />2017)<br /></span><span class="C-4"><span style="color: #000000;"><strong>Cultura e currículo de formação de professores para o letramento e a alfabetização</strong></span><br /></span><em><span class="C-5">A experiência curricular formadora de professores para o letramento</span></em></p>
<p class="Body P-8"><span class="C-8" style="color: #000000;">Ciclo de Pesquisa IV (2009-<wbr />2012)<br /></span><span class="C-4"><span style="color: #000000;"><strong>Representação gramatical e sistemas metafóricos</strong></span><br /></span><em><span class="C-5">As propriedades gramaticais do texto em processo de alfabetização, analisadas à luz do conceito de sistemas metafóricos</span></em></p>
<p class="Body P-8"><span class="C-8" style="color: #000000;">Ciclo de Pesquisa III (2003-<wbr />2008)<br /></span><strong><span class="C-4"><span style="color: #000000;">Metáfora e Educação Inclusiva</span><br /></span></strong><em><span class="C-5">O conceito de sistemas metafóricos e sua aplicação no estudo das representações mentais e do letramento</span></em></p>
<p class="Body P-8"><span class="C-8" style="color: #000000;">Ciclo de Pesquisa II (1999-<wbr />2002)<br /></span><span class="C-4"><span style="color: #000000;"><strong>Letramento e Processos Educacionais</strong></span><br /></span><em><span class="C-5">Desenvolvimento do conceito de letramento, a partir das demandas teórico-<wbr />conceituais da educação para a inclusão social</span></em></p>
<p class="Body P-8"><span class="C-8" style="color: #000000;">Ciclo de Pesquisa I (1995-<wbr />1998)<br /></span><span class="C-4"><span style="color: #000000;"><strong>Linguagem e Experiência Curricular</strong></span><br /></span><em><span class="C-5">Introdução de uma perspectiva multidisciplinar no estudo dos fenômenos da representação gramatical e textual</span></em></p>
<p class="Body P-8"><span class="C-8" style="color: #000000;">Ciclo de Formação (1988-<wbr />1994)<br /></span><span class="C-4"><span style="color: #000000;"><strong>Descrição e epistemologia linguística</strong></span><br /></span><em><span class="C-10">A natureza do fenômeno descritivo e das bases do pensamento linguístico</span></em></p>
</div>
</div>
</div>
</article>
</div>
</div>
</div>
</div>
</div>
</div>

<p>Centralmente, o grupo dedica-se ao estudo das condições em que se dá o processo de desenvolvimento escolar das escritas científicas de mundo, desde o ponto de vista dos sistemas de representação mental do conhecimento. Neste sentido, no entanto, opta por</p>
