{"id":166,"date":"2024-05-31T15:49:46","date_gmt":"2024-05-31T18:49:46","guid":{"rendered":"https:\/\/senna.pro.br\/gp\/?page_id=166"},"modified":"2024-09-03T12:28:50","modified_gmt":"2024-09-03T15:28:50","slug":"linhas-de-pesquisa","status":"publish","type":"page","link":"https:\/\/senna.pro.br\/gp\/?page_id=166","title":{"rendered":"Linhas de Pesquisa"},"content":{"rendered":"\n<div class=\"wp-block-columns is-layout-flex wp-container-core-columns-is-layout-28f84493 wp-block-columns-is-layout-flex\">\n<div class=\"wp-block-column is-layout-flow wp-block-column-is-layout-flow\" style=\"flex-basis:50%\">\n<p class=\"has-text-align-left has-small-font-size\">O grupo desenvolve pesquisas em \u00e1reas intercomplementares que concorrem para o desenvolvimento de saberes sobre a natureza das fun\u00e7\u00f5es textuais e representacionais humanas, assim como dos modelos de investiga\u00e7\u00e3o aplic\u00e1veis \u00e0 pesquisa em educa\u00e7\u00e3o de base social inclusiva.&nbsp; &nbsp;&nbsp;<\/p>\n<\/div>\n\n\n\n<div class=\"wp-block-column is-layout-flow wp-block-column-is-layout-flow\" style=\"flex-basis:50%\">\n<p class=\"has-small-font-size\">Paralelamente, mant\u00e9m dois laborat\u00f3rios de pesquisas aplicadas a diferentes modelos de ambientes de ensino, notadamente o Labor<em>At<\/em> onde hoje se desenvolvem estudos sobre a fotografia  como campo de representa\u00e7\u00f5es de base cognitiva e textual, al\u00e9m de unidade fundamental da aula em AAH.<\/p>\n<\/div>\n<\/div>\n\n\n\n<figure class=\"wp-block-image aligncenter size-large\"><img loading=\"lazy\" decoding=\"async\" width=\"1024\" height=\"633\" src=\"https:\/\/senna.pro.br\/gp\/wp-content\/uploads\/2024\/09\/gp_areas-1024x633.jpg\" alt=\"Linhas de Pesquisa: Inclus\u00e3o social; Epistemologia do conhecimento (representa\u00e7\u00e3o do conhecimento, sistemas e categorias metaf\u00f3ricas, metodologia da pesquisa); psicologia do desenvolvimento (modos do pensamento, psicologia escolar, ensino-aprendizagem); Lingu\u00edstica aplicada (teoria e descri\u00e7\u00e3o; fala, escrita, l\u00ednguas de sinais e fotografia; cultura e processos de letramento, princ\u00edpios e processos de alfabetiza\u00e7\u00e3o); educa\u00e7\u00e3o e forma\u00e7\u00e3o humana (curr\u00edculo, pol\u00edticas p\u00fablicas, cultura escolar, forma\u00e7\u00e3o de professores); sistemas de representa\u00e7\u00e3o textual na fotografia; Laborat\u00f3rio de Linguagens e Ambientes de Aprendizagem hipertextual.\" class=\"wp-image-267\" srcset=\"https:\/\/senna.pro.br\/gp\/wp-content\/uploads\/2024\/09\/gp_areas-1024x633.jpg 1024w, https:\/\/senna.pro.br\/gp\/wp-content\/uploads\/2024\/09\/gp_areas-300x185.jpg 300w, https:\/\/senna.pro.br\/gp\/wp-content\/uploads\/2024\/09\/gp_areas-768x474.jpg 768w, https:\/\/senna.pro.br\/gp\/wp-content\/uploads\/2024\/09\/gp_areas-1536x949.jpg 1536w, https:\/\/senna.pro.br\/gp\/wp-content\/uploads\/2024\/09\/gp_areas-2048x1265.jpg 2048w\" sizes=\"auto, (max-width: 1024px) 100vw, 1024px\" \/><\/figure>\n","protected":false},"excerpt":{"rendered":"<p>O grupo desenvolve pesquisas em \u00e1reas intercomplementares que concorrem para o desenvolvimento de saberes sobre a natureza das fun\u00e7\u00f5es textuais e representacionais humanas, assim como dos modelos de investiga\u00e7\u00e3o aplic\u00e1veis \u00e0 pesquisa em educa\u00e7\u00e3o de base social inclusiva.&nbsp; &nbsp;&nbsp; Paralelamente,<\/p>\n","protected":false},"author":1,"featured_media":0,"parent":0,"menu_order":0,"comment_status":"closed","ping_status":"closed","template":"","meta":{"footnotes":""},"class_list":["post-166","page","type-page","status-publish","hentry","","tg-column-two"],"_links":{"self":[{"href":"https:\/\/senna.pro.br\/gp\/index.php?rest_route=\/wp\/v2\/pages\/166","targetHints":{"allow":["GET"]}}],"collection":[{"href":"https:\/\/senna.pro.br\/gp\/index.php?rest_route=\/wp\/v2\/pages"}],"about":[{"href":"https:\/\/senna.pro.br\/gp\/index.php?rest_route=\/wp\/v2\/types\/page"}],"author":[{"embeddable":true,"href":"https:\/\/senna.pro.br\/gp\/index.php?rest_route=\/wp\/v2\/users\/1"}],"replies":[{"embeddable":true,"href":"https:\/\/senna.pro.br\/gp\/index.php?rest_route=%2Fwp%2Fv2%2Fcomments&post=166"}],"version-history":[{"count":4,"href":"https:\/\/senna.pro.br\/gp\/index.php?rest_route=\/wp\/v2\/pages\/166\/revisions"}],"predecessor-version":[{"id":269,"href":"https:\/\/senna.pro.br\/gp\/index.php?rest_route=\/wp\/v2\/pages\/166\/revisions\/269"}],"wp:attachment":[{"href":"https:\/\/senna.pro.br\/gp\/index.php?rest_route=%2Fwp%2Fv2%2Fmedia&parent=166"}],"curies":[{"name":"wp","href":"https:\/\/api.w.org\/{rel}","templated":true}]}}

<div class="wp-block-columns is-layout-flex wp-container-core-columns-is-layout-28f84493 wp-block-columns-is-layout-flex">
<div class="wp-block-column is-layout-flow wp-block-column-is-layout-flow" style="flex-basis:50%">
<p class="has-text-align-left has-small-font-size">O grupo desenvolve pesquisas em áreas intercomplementares que concorrem para o desenvolvimento de saberes sobre a natureza das funções textuais e representacionais humanas, assim como dos modelos de investigação aplicáveis à pesquisa em educação de base social inclusiva.&nbsp; &nbsp;&nbsp;</p>
</div>



<div class="wp-block-column is-layout-flow wp-block-column-is-layout-flow" style="flex-basis:50%">
<p class="has-small-font-size">Paralelamente, mantém dois laboratórios de pesquisas aplicadas a diferentes modelos de ambientes de ensino, notadamente o Labor<em>At</em> onde hoje se desenvolvem estudos sobre a fotografia  como campo de representações de base cognitiva e textual, além de unidade fundamental da aula em AAH.</p>
</div>
</div>



<figure class="wp-block-image aligncenter size-large"><img loading="lazy" decoding="async" width="1024" height="633" src="https://senna.pro.br/gp/wp-content/uploads/2024/09/gp_areas-1024x633.jpg" alt="Linhas de Pesquisa: Inclusão social; Epistemologia do conhecimento (representação do conhecimento, sistemas e categorias metafóricas, metodologia da pesquisa); psicologia do desenvolvimento (modos do pensamento, psicologia escolar, ensino-aprendizagem); Linguística aplicada (teoria e descrição; fala, escrita, línguas de sinais e fotografia; cultura e processos de letramento, princípios e processos de alfabetização); educação e formação humana (currículo, políticas públicas, cultura escolar, formação de professores); sistemas de representação textual na fotografia; Laboratório de Linguagens e Ambientes de Aprendizagem hipertextual." class="wp-image-267" srcset="https://senna.pro.br/gp/wp-content/uploads/2024/09/gp_areas-1024x633.jpg 1024w, https://senna.pro.br/gp/wp-content/uploads/2024/09/gp_areas-300x185.jpg 300w, https://senna.pro.br/gp/wp-content/uploads/2024/09/gp_areas-768x474.jpg 768w, https://senna.pro.br/gp/wp-content/uploads/2024/09/gp_areas-1536x949.jpg 1536w, https://senna.pro.br/gp/wp-content/uploads/2024/09/gp_areas-2048x1265.jpg 2048w" sizes="auto, (max-width: 1024px) 100vw, 1024px" /></figure>

<p>O grupo desenvolve pesquisas em áreas intercomplementares que concorrem para o desenvolvimento de saberes sobre a natureza das funções textuais e representacionais humanas, assim como dos modelos de investigação aplicáveis à pesquisa em educação de base social inclusiva.&nbsp; &nbsp;&nbsp; Paralelamente,</p>
